{"id":16725,"date":"2025-10-15T16:16:24","date_gmt":"2025-10-15T14:16:24","guid":{"rendered":"https:\/\/remtools.ro\/?post_type=product&#038;p=16725"},"modified":"2025-10-15T16:16:24","modified_gmt":"2025-10-15T14:16:24","slug":"cartus-de-filtrare-polipropilena-ps20-5-mcr-ps5m20bb","status":"publish","type":"product","link":"https:\/\/remtools.ro\/?product=cartus-de-filtrare-polipropilena-ps20-5-mcr-ps5m20bb","title":{"rendered":"Cartus de filtrare polipropilena PS20&#8243; 5 MCR PS5M20BB"},"content":{"rendered":"<p>Cartu\u0219ul de spum\u0103 PS5M20BB este o component\u0103 de filtrare fiabil\u0103 care capteaz\u0103 eficient impurit\u0103\u021bile solide, cum ar fi rugina, nisipul \u0219i n\u0103molul. Datorit\u0103 structurii sale inovatoare \u00een gradient, asigur\u0103 o durat\u0103 de via\u021b\u0103 extins\u0103, fiind mai durabil \u0219i mai eficient. Filtrarea \u00een ad\u00e2ncime ofer\u0103 o eficacitate ridicat\u0103 \u00een \u00eendep\u0103rtarea impurit\u0103\u021bilor, protej\u00e2nd dispozitivele \u0219i instala\u021biile de particulele d\u0103un\u0103toare. Este o solu\u021bie ideal\u0103 pentru cei care apreciaz\u0103 durabilitatea \u0219i fiabilitatea \u00een filtrarea apei.<\/p>\n<p>&nbsp;<\/p>\n<ul>\n<li><span dir=\"auto\">Re\u021bine impurit\u0103\u021bile solide precum rugina, nisipul \u0219i n\u0103molul.<\/span><\/li>\n<li><span dir=\"auto\">Durat\u0103 de via\u021b\u0103 extins\u0103 a cartu\u0219ului datorit\u0103 construc\u021biei \u00een gradient.<\/span><\/li>\n<li><span dir=\"auto\">Captureaz\u0103 eficient impurit\u0103\u021bile prin filtrare \u00een profunzime.<\/span><\/li>\n<li><span dir=\"auto\">Tehnologia MORE m\u0103re\u0219te suprafa\u021ba de filtrare eficient\u0103.<\/span><\/li>\n<li><span dir=\"auto\">Indicator de utilizare care semnaleaz\u0103 necesitatea \u00eenlocuirii (pentru cartu\u0219e de 2,5\u2033 x 10\u2033 cu o grosime de 5 microni).<\/span><\/li>\n<\/ul>\n","protected":false},"excerpt":{"rendered":"<p>Cartu\u0219ul de spum\u0103 PS5M20BB este o component\u0103 de filtrare fiabil\u0103 care capteaz\u0103 eficient impurit\u0103\u021bile solide, cum ar fi rugina, nisipul<\/p>\n","protected":false},"featured_media":16726,"comment_status":"open","ping_status":"closed","template":"","meta":[],"product_cat":[75],"product_tag":[],"class_list":{"0":"post-16725","1":"product","2":"type-product","3":"status-publish","4":"has-post-thumbnail","6":"product_cat-elemente-de-montaj","8":"first","9":"instock","10":"shipping-taxable","11":"purchasable","12":"product-type-simple"},"_links":{"self":[{"href":"https:\/\/remtools.ro\/index.php?rest_route=\/wp\/v2\/product\/16725","targetHints":{"allow":["GET"]}}],"collection":[{"href":"https:\/\/remtools.ro\/index.php?rest_route=\/wp\/v2\/product"}],"about":[{"href":"https:\/\/remtools.ro\/index.php?rest_route=\/wp\/v2\/types\/product"}],"replies":[{"embeddable":true,"href":"https:\/\/remtools.ro\/index.php?rest_route=%2Fwp%2Fv2%2Fcomments&post=16725"}],"version-history":[{"count":1,"href":"https:\/\/remtools.ro\/index.php?rest_route=\/wp\/v2\/product\/16725\/revisions"}],"predecessor-version":[{"id":16727,"href":"https:\/\/remtools.ro\/index.php?rest_route=\/wp\/v2\/product\/16725\/revisions\/16727"}],"wp:featuredmedia":[{"embeddable":true,"href":"https:\/\/remtools.ro\/index.php?rest_route=\/wp\/v2\/media\/16726"}],"wp:attachment":[{"href":"https:\/\/remtools.ro\/index.php?rest_route=%2Fwp%2Fv2%2Fmedia&parent=16725"}],"wp:term":[{"taxonomy":"product_cat","embeddable":true,"href":"https:\/\/remtools.ro\/index.php?rest_route=%2Fwp%2Fv2%2Fproduct_cat&post=16725"},{"taxonomy":"product_tag","embeddable":true,"href":"https:\/\/remtools.ro\/index.php?rest_route=%2Fwp%2Fv2%2Fproduct_tag&post=16725"}],"curies":[{"name":"wp","href":"https:\/\/api.w.org\/{rel}","templated":true}]}}